at is the units digit of w(q)?
3
What is the units digit of (-8 + -7)/(3/(-2))?
0
Let w be (1 + 1)*(1 + 0). Let b(u) = 2 - 5 + w - 6*u. What is the units digit of b(-1)?
5
Let q(t) be the third derivative of -t**6/40 + t**3/6 - t**2. Let a be q(-1). What is the units digit of (-35)/(-15) - a/(-6)?
3
Suppose -4*n - 15 = -3*k + 17, 5*n + 29 = k. Let d be ((-6)/k)/((-5)/140). Suppose v + d = 4*v. What is the tens digit of v?
1
Let h(n) = n**2 - 11*n + 13. Let o be h(10). Suppose s + 12 = 2*j - 3*s, j + o*s + 4 = 0. What is the units digit of j - -12 - 0/(-3)?
4
Let z be 103/3 - (-4)/6. Let c = z + -8. What is the units digit of 2/9 - (-183)/c?
7
Let t(w) = 2*w**3 - 1. Let y be t(1). Suppose y = -2*r - 29. Let a = r + 21. What is the units digit of a?
6
Suppose 4*t + u + 18 = 2*u, 0 = t - 2*u + 8. Let w = t - -2. What is the units digit of (19 + -4)*w/(-2)?
5
Let r = -13 + 113. What is the tens digit of r?
0
Suppose 5*a = a - 260. Let m = -45 - a. What is the tens digit of m?
2
Let p = 10 + -6. Suppose -4*c - 54 = -2*r - 4, -p*c = 2*r - 10. What is the units digit of r?
5
Let v = -4 + 3. What is the units digit of (-1 - 2/v) + 0?
1
Suppose r - 4*j = 41, 3*r - r - j = 75. What is the tens digit of r?
3
Let y(n) = 9*n**2 + 6*n + 5. What is the tens digit of y(-3)?
6
Let p = 6 + -1. Suppose 3*d - 9 = 2*g, -2*d + 2*g + 0 = -4. Suppose n + w - 2*w = p, -4*w + 25 = d*n. What is the units digit of n?
5
Suppose a + 3 = 20. Suppose -2*v + a = 3. What is the units digit of v?
7
Let j(n) = n - 4. Let r be j(7). Suppose -o - 62 = -3*i, 2*o + r*o - 10 = -i. What is the units digit of i?
0
Let v(c) = c**2 - 12*c - 12. Let k be v(9). Let z = -28 - k. Suppose -n = -z - 1. What is the tens digit of n?
1
Let v(f) = -f**2 + 15*f - 11. What is the tens digit of v(5)?
3
Let p(h) be the second derivative of h + h**2 + 0 + 1/12*h**4 + 5/6*h**3. What is the units digit of p(-5)?
2
Let w = -1 + 6. Let s = w + 1. What is the units digit of s?
6
Let d = 6 + -3. Let g(n) = -n + 2. Let k be g(d). What is the units digit of (4/4)/(k/(-7))?
7
Suppose 3*b = -4*o - 15, -o + 6 = -b + 1. Suppose -5*z + 11 + 24 = o. What is the units digit of z?
7
Let f = -9 - -33. What is the units digit of f?
4
Let i be 10/(-1*1/(-1)). Suppose -4*r = r - i. Suppose 2*j = -d + 15, -r*j + 20 - 2 = 4*d. What is the units digit of j?
7
Let d = -6 - -31. What is the tens digit of d?
2
Suppose -4*s = -4*b - 52, -5*b + 3*b = 2. Let c = -25 + 7. What is the units digit of (20/(-6))/(s/c)?
5
Suppose -4*p - 3*y = -22, 16 = 2*p + 4*y - 0. Suppose -41 = -p*d - 13. Suppose -100 = 2*i - d*i. What is the tens digit of i?
2
Let z(x) = -x**3 + 5*x**2 + 5*x - 5. Let y be (-3 - (-1 - -2))*-1. What is the tens digit of z(y)?
3
Let m be (-48)/(-18)*57/2. Suppose 0 = -4*x + 4*h + m, 0 = -2*x - 3*h + h + 30. What is the units digit of x?
7
Let m be (-142)/4*(-3 + 1). Suppose -3*i = -m - 34. Suppose -55 - i = -5*g. What is the tens digit of g?
1
Let t(r) = r**2 + 3*r - 3. What is the units digit of t(-7)?
5
Let s be (-2)/7 + (-4)/(-14). What is the units digit of 2*(7 + s/1)?
4
Suppose -4 = -f + 2*m + 6, 0 = 4*f + 4*m - 28. What is the units digit of f?
8
Suppose 4*c + 2*c = 324. What is the tens digit of c?
5
Suppose 5*q - 9 = -2*j + 2*q, 3*j - 2*q = 33. What is the units digit of j?
9
Suppose 0 = -4*v + 5 + 7. Suppose 0 = -v*c - c + 20. What is the units digit of c?
5
Let v = -4 - -49. Suppose 3*j + 9 = v. Suppose -j = -4*o + 3*o. What is the units digit of o?
2
Let u = 6 - 3. Let j be (-1)/(-3) + (-30)/(-18). Let n = u - j. What is the units digit of n?
1
Suppose 3 = -i, -13*i + 9*i - 72 = -f. What is the units digit of f?
0
Let x(g) = 4*g - 2. Let l be x(-2). What is the units digit of (-4)/l - (-234)/15?
6
Let k(r) = -2*r - 8. Let a be k(-8). Suppose -3*v - a = -5*v + 2*z, 5*v - 4*z = 15. What is the units digit of 49/4 + v/4?
2
What is the hundreds digit of ((-2)/(-3))/((-5030)/(-1005) - 5)?
1
Suppose 3*u = u - 6, 5*s - 3*u = 34. Let g(h) = h**3 - 14*h**2 - 4*h - 13. Let c(r) = -r**2 + r. Let n(a) = s*c(a) - g(a). What is the units digit of n(10)?
3
Let w(y) = y**3 - 5*y**2 + y - 3. Let x be w(5). Suppose 4*t - 16 = -4*d, 2*t = x*d - 6*d - 2. What is the units digit of ((-3)/9 + 1)*t?
6
Suppose -86 = -x - 5*n, -3*n = 4*x - 9*x + 430. What is the units digit of x?
6
Let h be 97/5 - 6/(-10). Suppose -q - 4*q + h = 0. Suppose 4*w + 4*t = 32, t = q*w - 9 - 23. What is the units digit of w?
8
Suppose -y = 11 - 39. Suppose -5*k + 108 - y = 0. What is the units digit of k?
6
Let u(w) be the first derivative of 3*w**2/2 + 2. Let z be u(1). Suppose -3*b - 2*j = -55, -4*j - j = -z*b + 41. What is the units digit of b?
7
Suppose 2*f = 4*m - 62, 3*m - 53 = 4*f - 14. What is the units digit of m?
7
Let u = 3 - -16. What is the tens digit of u?
1
Suppose 0 = 2*x - 7*x - 95. Let s = x - -33. What is the tens digit of s?
1
Let y(o) = 15*o**3 + 8*o**2 + 11*o + 13. Let c(g) = -7*g**3 - 4*g**2 - 5*g - 6. Let z(k) = 13*c(k) + 6*y(k). What is the tens digit of z(-5)?
2
Suppose -4*a - 8 = -z + 2*z, 0 = -4*a + 4*z + 12. Let k = -8 - a. Let p(n) = -n**2 - 7*n + 9. What is the units digit of p(k)?
9
Let c(b) be the first derivative of -b**2/2 - 3*b - 3. Let f be c(-7). Suppose 2*s + 2 = 0, 0 = f*p - 0*p + 4*s - 12. What is the units digit of p?
4
Suppose 5*g + 4*k = 3*g - 6, -g + 4*k = -9. What is the units digit of (g/(-3))/((-1)/114)?
8
What is the units digit of (-966)/(-5) - (-19)/(-95)?
3
Let w = -25 - -25. Let s(c) be the first derivative of -c**3/3 + 16*c + 1. What is the units digit of s(w)?
6
Suppose 4*d = 3*d. Suppose 4*r - 2*s - 42 = 194, 4*r + s - 224 = d. Suppose -5*f = -13 - r. What is the units digit of f?
4
Let q be 2 + -1 + -2 + 1. Suppose q = 2*s + 2*s - 156. What is the tens digit of s?
3
Suppose 15*q = 12*q + 249. What is the units digit of q?
3
Suppose 2*i = 4*i - 6. What is the tens digit of (-3)/2*(i + -11)?
1
Suppose r - d = -2*r + 10, 2*r - 3*d = 9. Let g be (r/(-6))/(2/(-12)). What is the units digit of (g*4)/(6/4)?
8
Let l(d) = -2*d**3 - d - 1. Let v be l(-1). Let t(n) = 3*n - 1. Let y be t(v). Suppose y*s = 5*q + 45, 5*q + 38 = -2*s + 6*s. What is the units digit of s?
7
What is the tens digit of -7*((-72)/7)/4?
1
Suppose 0 = 5*j + 23 - 178. What is the units digit of j?
1
Suppose 3*z - v - 59 = 0, z - 2*z + 5*v + 43 = 0. What is the tens digit of z?
1
Let s(a) = a - 6. What is the units digit of s(9)?
3
Suppose -115 - 102 = -7*o. What is the tens digit of o?
3
Let l be 2/9 + 7/9. What is the units digit of 11 + 4/(-2) + l?
0
Let y = 0 - -12. Let n = y - -4. What is the tens digit of n?
1
Suppose c - 2*t = -0*t + 11, c + t = 2. What is the tens digit of (12/c)/(5/75)?
3
Let z be (-4)/(-6) + 40/12. Let i = 11 - z. What is the units digit of i?
7
Suppose g + 4*k - 157 = -0*g, 332 = 2*g + 2*k. What is the tens digit of g?
6
Let r(x) = 3*x + 3. Let c = 4 + -6. Let i be r(c). What is the units digit of (3/(-3))/(1/i)?
3
Let z = -1 + -21. Let c be z/(-4)*(3 + -1). Suppose t - 3*o = -4*t + c, 5*t - 8 = 4*o. What is the units digit of t?
4
Let x(y) = 3*y**3 - 2*y**2 + 2*y - 1. Let i = -2 - -3. What is the units digit of x(i)?
2
Let m be (6/(-15) - 0)*-5. Let q = 4 - m. Suppose q*t = 3*t - 5. What is the units digit of t?
5
Suppose 0 = -5*s - 3*b + 29, -2*b - b = -9. Suppose s*r = 7*r - 42. What is the tens digit of r?
1
Let b(a) = a**2 + 0*a**2 + a**3 + 3 + 0*a**2 - 3*a**2 - 3*a. What is the units digit of b(3)?
3
Suppose 0*v - 36 = -v + 2*l, v + l - 24 = 0. Let y be (-7)/(-2) - 1/(-2). Suppose 6 = y*h + 3*k - v, 5*h - 45 = -5*k. What is the units digit of h?
7
Suppose 29 = -2*r - r + 5*n, 5 = -3*r - n. Let l = r + 36. What is the tens digit of l?
3
Suppose -4*h + h + 74 = -2*w, 117 = 5*h + 3*w. Suppose 4*u + 15 + 1 = -s, -5*s - 80 = -2*u. Let i = h + s. What is the units digit of i?
8
Let t be 0/(1 - 0/3). What is the units digit of (-1 + t)*(-54)/3?
8
Let o = 3 - 1. Suppose 3*c - o*c - 2*s = 0, 4*c = -3*s. Suppose c*i - 3*i = -21. What is the units digit of i?
7
Let a(l) = -l**3 + 8*l**2 - 4. Let w be a(8). Let b = 15 + w. What is the units digit of b?
1
Suppose 3*c + 0*c = 0. Suppose c = -5*x + x. Suppose 2 = 4*q - i, -i + x*i = -3*q + 1. What is the units digit of q?
1
Let m = -32 - -20. Let z be -1*(-1)/((-3)/